is the remainder when j is divided by (-29)/(-2) - 5/10?
11
Suppose -2*y + 3 = u + 8, 4*u + 8 = -5*y. Suppose -s = m - 8, -8 = u*s - 2. Calculate the remainder when 37 is divided by m.
7
Suppose 5*h - 451 = 5*i - 106, i = 2*h - 140. Calculate the remainder when h is divided by 20.
11
Let w = -96 - -182. Suppose 0 = 3*p - w + 2. Let z(m) = -m**3 + 8*m**2 + 9*m + 10. Calculate the remainder when p is divided by z(9).
8
Let x(o) = -o**2 + 7*o + 6. Let n = 11 - 4. What is the remainder when 21 is divided by x(n)?
3
Let w(j) = 2*j + 12. Let p be w(-6). Suppose 3*g - 5*g + 26 = p. What is the remainder when g is divided by 4?
1
Let n(q) = q**3 + 6*q**2 - q + 2. Let h be (-14)/21*(1 - 10). Suppose o + h*j = j + 24, 2*j = 4. Calculate the remainder when o is divided by n(-6).
6
Suppose 0 = -4*d - 14 + 70. Calculate the remainder when d is divided by 7.
0
Suppose 158*f = 155*f + 213. What is the remainder when f is divided by 19?
14
Let h(b) = -5*b - 6. Suppose 3*x = 4*x - 18. Let z = x + -5. What is the remainder when h(-6) is divided by z?
11
Suppose 4*p = -4 - 20. Let t(x) = -3*x - 1. Let c(h) = -48*h - 15. Let u(q) = -2*c(q) + 33*t(q). What is the remainder when 28 is divided by u(p)?
13
Let b(w) = 2*w**3 - 27*w**2 + 14*w + 14. What is the remainder when 456 is divided by b(13)?
24
Let h be (-2 - -4*1)*14. Suppose -v = v - h. Calculate the remainder when v is divided by 5.
4
Suppose 3*h + 1 = -2. Let y(p) = -9*p**3 + 2*p + 1. What is the remainder when y(h) is divided by 5?
3
Let j(x) = -3*x - 1. Calculate the remainder when 46 is divided by j(-3).
6
Let k = -9 + 16. Suppose 5*q - 74 = -4*p + 21, 3*p - 5*q - 45 = 0. What is the remainder when p is divided by k?
6
Let g(l) = -l - 4. What is the remainder when 27 is divided by g(-11)?
6
Let d(w) = w**3 - 7*w**2 + 6*w - 3. Let f be d(6). Let p(h) = 2*h**2 - 2*h - 1. What is the remainder when p(f) is divided by 12?
11
Let t(b) = -b**2 + 12*b - 6. Let k be t(9). Let s = -14 + k. Calculate the remainder when 20 is divided by s.
6
Let a(k) = 8*k - 8. Calculate the remainder when a(5) is divided by 17.
15
Let q(x) = -2*x**3 - 6*x**2 - 6 - 3*x**3 + 2*x + 4*x**3. Let t(k) = 2*k + 5. Let l be t(-6). What is the remainder when q(l) is divided by 10?
9
Let o be (-2)/(-6) + 314/3. Suppose 0 = -4*r + 3*h - o, 140 = -7*r + 2*r + 2*h. Calculate the remainder when 9 is divided by r/(-9)*(-9)/(-6).
4
Suppose l + 2*x = 1, x + 0*x - 14 = -5*l. What is the remainder when 4/(-8) + 38/4 is divided by l?
0
Let g = -38 + 111. Calculate the remainder when g is divided by 11.
7
Suppose 4*s + 8 = 0, -2*p - 3*p + 44 = -2*s. Calculate the remainder when 23 is divided by p.
7
Suppose 0 = -4*w - w - 55. Let o = 26 + w. Suppose -5*j = 5*n - 225, 4*n - 178 = -4*j + j. Calculate the remainder when n is divided by o.
13
Suppose -64*m - 716 = -68*m. Calculate the remainder when m is divided by 15.
14
Suppose q + 4*q = -5*w + 90, 0 = w - 5*q - 30. Let k = w - 14. Calculate the remainder when 29 is divided by k.
5
Let q = 0 - -6. Suppose c - 54 = -o + q*c, 5*c = 5*o - 210. Suppose 0*j = -3*j + o. What is the remainder when 38 is divided by j?
12
Let f = -9 - -6. What is the remainder when f/(-2 + (-93)/(-51)) is divided by 9?
8
What is the remainder when 18 is divided by ((-5)/(-2))/(2 + 3/(-2))?
3
Suppose 22 + 6 = y - 4*q, 0 = -3*y - 2*q + 42. Suppose 2*b - y = -2*b. Suppose 26 + b = 5*o. What is the remainder when o is divided by 4?
2
What is the remainder when ((-218)/(-5))/(76/190) is divided by 38?
33
Suppose -5*f + 107 + 134 = -4*i, 0 = f + 4*i - 53. What is the remainder when f is divided by 17?
15
What is the remainder when 34 is divided by 54/8*(-32)/(-12)?
16
Let d(o) = o**3 + 18*o**2 - 18*o + 27. What is the remainder when 12 is divided by d(-19)?
4
Calculate the remainder when 148 is divided by (16/(-5))/8 + 254/10.
23
Let f = -9 - -14. Suppose 4 = 4*t + 3*r + r, -16 = -t + 4*r. Suppose x - 10 = -t*x. What is the remainder when f is divided by x?
1
Let b = -110 + 122. Let k be (1/(-2) + 0)*0. Suppose k*f = 5*f - 175. What is the remainder when f is divided by b?
11
Let r(d) = d**3 - 4*d**2 + 2*d - 5. Let j be r(4). Suppose -j*x = -7*x - 16. Let i(s) = -3*s + 1. Calculate the remainder when 25 is divided by i(x).
12
Suppose -3*l = -2*l - 5*x + 12, -2*l = x + 2. What is the remainder when 18 - -2 - (l + -1) is divided by 52/6 - 2/3?
7
Let o = 94 + -67. Calculate the remainder when o is divided by 17.
10
Let q be 14 + (-1)/(3/6). Suppose -i = g + 3*g + 6, -3*i + 3*g = -q. Calculate the remainder when 4 is divided by i.
0
Suppose 2*z + q - 43 = 0, 5*z - 77 = -5*q + 18. Let h = z - 7. What is the remainder when h is divided by 6?
5
Let m be (-1)/(-2)*(1 + -1). Let y be m/5 - (2 + -1). Calculate the remainder when y/(-4) - (-405)/12 is divided by 18.
16
Let x = -166 + 16. Let y = -26 - -31. Calculate the remainder when x/(-24) - 6/(-8) is divided by y.
2
Let v = 253 - 168. Calculate the remainder when v is divided by 22.
19
Suppose 2*t - 5*x - 42 = 0, 2*t - 4*x - 58 = -3*x. What is the remainder when t is divided by 11?
9
Let i = 56 + -32. Let z = 26 - i. What is the remainder when 8 is divided by z?
0
Suppose 0 = -h + o + 2, 5*o = -5*h + 35 + 15. Let w(q) = -q**3 + 5*q**2 - 2*q + 3. Calculate the remainder when w(2) is divided by h.
5
Let b = -15 + 18. What is the remainder when b is divided by 1?
0
Let z be (-3)/(-18) + (-461)/(-6). Suppose -z = -2*v - 3*r, 5*v + 3*r = -37 + 243. Calculate the remainder when v is divided by 15.
13
Suppose -5*t - 13 = -78. Suppose 0 = -i + 19 + 18. What is the remainder when i is divided by t?
11
Let r = 18 + 7. What is the remainder when 91 is divided by r?
16
Suppose r - 6 = 4*h, -4*r = -5*r - 3*h + 13. Suppose -10 = -y + 3*w, 0*w = 2*w + r. Let g = 31 - y. What is the remainder when g is divided by 19?
17
Let b = -16 + 48. What is the remainder when b is divided by 7?
4
Let r(l) = 10*l - 4. Calculate the remainder when 79 is divided by r(2).
15
Let l = -15 - -11. What is the remainder when 36 is divided by (l - -20) + 1*-3?
10
Let u = 12 + -3. What is the remainder when u is divided by 3?
0
Let g(n) = -3*n + 1. Calculate the remainder when 45 is divided by g(-5).
13
Let d = -6 - -17. Suppose -27 = -4*r + 5*l, d*l - 6*l = -15. Suppose -j = r*j - 172. Calculate the remainder when j is divided by 15.
13
Suppose 0 = 8*w - 3*w - 110. Calculate the remainder when 23 is divided by w + -5 - (-2 - -6).
10
What is the remainder when (25/10 - 2)*118 is divided by 15?
14
Let x(s) = s**2 + 6*s + 10. Let r(n) = n**3 + 10*n**2 + n + 3. Let z be r(-10). Calculate the remainder when (10/4)/((-1)/(-20)) is divided by x(z).
16
Suppose n + 0 = -1. Let s(r) = -40*r. Let u be s(n). Suppose 0 = 4*z - 3*d - u, -3*d = -z + d + 10. What is the remainder when 27 is divided by z?
7
Let i = 4 - -3. Suppose -i*h = -2*h - 320. Suppose -2*w = 4, -h = -l - l + 2*w. Calculate the remainder when l is divided by 16.
14
Let x(s) = -1 - 6 + 2*s + 3*s + 4*s. What is the remainder when x(5) is divided by 13?
12
Suppose i + 2*i - 26 = 5*k, i + 5*k = -18. Suppose -4*f + 2*w = -i*f - 10, -4*f + 15 = -5*w. Calculate the remainder when f is divided by 6.
4
Let y(f) = -5*f - 18. What is the remainder when y(-12) is divided by 11?
9
Let n(o) = 13*o - 33. What is the remainder when n(6) is divided by 13?
6
Suppose -20 = s - 3*s. Let v be (-2)/(-2) + -1 + 1. What is the remainder when (v - (-64)/(-6))*-3 is divided by s?
9
Let z(b) = -b**3 + b**2 + 2*b - 2. Let n = 0 - -3. Let y be z(n). Let q = -8 - y. What is the remainder when q is divided by 4?
2
Let d(b) = -2*b + 34. What is the remainder when d(8) is divided by 16/2 + (3 - 1)?
8
Let i(m) be the first derivative of -m**3/3 + 3*m**2 + 9*m + 1. Calculate the remainder when 2 is divided by i(7).
0
Suppose 2 = 5*h - 3, -h - 49 = -5*t. Let y be 1 - 1 - (1 - 4). Let o = y + 1. Calculate the remainder when t is divided by o.
2
Let h = 279 + -269. Let m(g) be the second derivative of 2*g**3/3 - g**2 + g. What is the remainder when h is divided by m(2)?
4
What is the remainder when 27 is divided by ((-5)/(-10))/(2/60)?
12
Suppose -l + 3 + 5 = 0. Suppose -i + 1 = -5*y - l, -2*y = -2. Calculate the remainder when 55 is divided by i.
13
Suppose -3*i + 5*a = -2*i + 12, 0 = 4*i + 2*a - 18. Suppo